 3*m = 44. Let o = 169 + -72. What is the remainder when o is divided by a(m)?
17
Let p = 18641 + -17832. Calculate the remainder when p is divided by 39.
29
Suppose -69 - 183 = -4*q. Let r = 428 + q. Calculate the remainder when r is divided by 55.
51
Suppose -2*x + 2 = -4. Suppose -2*q + 58 = x*h, -3*h - 3*q - q = -68. Let z = 32 - h. What is the remainder when 47 is divided by z?
15
Suppose 4*f + 107 = 5*r, -7*r + 2*r + 5*f + 105 = 0. Suppose -3*q + 123 = 3*c, 5*c + r = 2*q - 38. Calculate the remainder when 74 is divided by q.
36
Let u = -6 - -11. Let g be 8/u*(-80)/(-32). Calculate the remainder when 17 is divided by (-28)/(-16)*g + 4.
6
Suppose -9 = -4*n - 41. Suppose h + 5*i = 16 - 6, -5*h = -2*i - 50. Calculate the remainder when (-975)/(-10) + 4/n is divided by h.
7
Let x be (-4 + 2)*(-327)/(-6). Let g = -2306 + 2229. Let p = g - x. Calculate the remainder when p is divided by 11.
10
Suppose -7*q + 13 = -78. Let l be (-8)/12 - (-483)/(-18)*-2. Let j = l - 19. Calculate the remainder when j is divided by q.
8
Let h = -926 + 1100. Suppose 5*g = 4*g - 117. Let o = h + g. Calculate the remainder when o is divided by 29.
28
Let l(u) be the first derivative of u**4/4 - 4*u**3 + 7*u**2/2 - 54*u - 6. What is the remainder when 54 is divided by l(12)?
24
Suppose 0 = 407*h - 404*h - w - 188, h = -w + 68. What is the remainder when 330 is divided by h?
10
Suppose -16 + 75 = 2*a + 5*w, 5*a = 2*w + 46. Calculate the remainder when 1585 is divided by a.
1
Let t(r) = r**2 + 11*r + 31. Let o be t(-4). Suppose -2*h + o*h - 2*y = 6, -4*h - 4*y = -72. What is the remainder when h is divided by 5?
4
Let g = -37 - -37. Suppose 3*t + 4 = 3*v - 17, -3*t + 15 = g. What is the remainder when 178/8 - (-9)/v is divided by 13?
10
Let r = -2683 - -3793. Suppose -14*b - b = -r. Suppose -3*w = -2*x - 2 + 26, 2*w - 49 = -3*x. What is the remainder when b is divided by x?
14
Let k = -13220 - -13295. What is the remainder when k is divided by 17?
7
Let s(y) = -y**3 - 2*y**2 - 2*y - 13. Suppose -3*h = -5*c - 29, -8*h = 4*c - 4*h + 4. Calculate the remainder when s(c) is divided by 14.
13
Let f(n) = 130*n - 1. Suppose -5*c + 167 = 81*h - 79*h, -h + 14 = -2*h. What is the remainder when f(1) is divided by c?
12
Let y = -868 + 1346. Suppose 5*t + 98 = y. Let f = 55 - 29. Calculate the remainder when t is divided by f.
24
Suppose -1755 = 68*o - 9031. What is the remainder when 606 is divided by o?
71
Let f = -169 + 267. Calculate the remainder when 236 is divided by f.
40
Suppose 81*u - 172611 - 34101 = 0. What is the remainder when u is divided by 69?
68
Let q = -4717 + 5271. Calculate the remainder when q is divided by 155.
89
Let s be 4*(2/6)/((-21)/63). Let d(p) = -p**2 - 2*p + 14. Suppose 0 = 3*o + o - 352. What is the remainder when o is divided by d(s)?
4
What is the remainder when 29376/56 - (348/(-28) - -12) is divided by 133?
126
Suppose 4*i - 336 = -4*d, -12*d + 15*d + 4*i = 250. What is the remainder when 88 is divided by d?
2
Let b(c) = -4*c**2 - 48*c - 126. What is the remainder when 5445 is divided by b(-5)?
13
Let m = -48 - 39. Let w = -64 - m. Let j = -10 + w. Calculate the remainder when 50 is divided by j.
11
Suppose 2*v = 7*v - 150. Let n(a) = 61*a - 595 - 58*a + 622. Calculate the remainder when n(30) is divided by v.
27
Let y = 55 + -55. Let o(x) = -x**3 - 2*x + 155. Let u be o(y). What is the remainder when 91 is divided by (0 - -1)/(-1 - (-160)/u)?
29
Let x(r) = -6*r + 382. Let j be x(64). Let p(z) = z**2 - 7*z + 3. Let g be p(5). Calculate the remainder when 15216/336 + (-1)/(g/j) is divided by 16.
13
Let v(j) = 1466*j - 1621. Calculate the remainder when v(5) is divided by 238.
235
What is the remainder when (86/(-129))/((-1)/570) is divided by 66?
50
Let d be 4/(-2) - 38/(-1). Let a = 88 - d. Let c = -8918 + 8936. What is the remainder when a is divided by c?
16
Suppose -2*r + 32 = 2*f, -5*f + 125 = -3*r - r. Suppose 4*w = -2*n + 19 + 17, 4*w - 3*n + 4 = 0. What is the remainder when f is divided by w?
1
Let o(g) = 217*g**2 + g + 1. Let y = 38 + 138. Let x = y - 132. Calculate the remainder when o(-1) is divided by x.
41
What is the remainder when ((-6)/(-8))/((-568)/(-45014)*3/16) is divided by 58?
27
Suppose 0 = t, -5*t + 400 - 120 = -2*d. Let j = d - -150. What is the remainder when 29 is divided by j?
9
Let h(m) = m**3 - 12*m**2 + 47*m - 172. Suppose -140 = -5*v + 25. Calculate the remainder when v is divided by h(9).
1
Let a be (52/60 - 1) + (-7886)/30. Let b = a + 305. What is the remainder when 165 is divided by b?
39
Let k(z) = z**2 - 8*z + 6. Suppose -4 = -d + 4. Let b = -2933 + 2998. What is the remainder when b is divided by k(d)?
5
Let o be 242/(2 + -4) - (-4)/(-1). Let l = -112 - o. Let t(r) = 4*r**3 + r**2 + 2. What is the remainder when t(2) is divided by l?
12
Suppose 6*y = 73 - 19. What is the remainder when 13 - (-230)/10 - (15/(-5) - -11) is divided by y?
1
Let h = 25 + -21. Let n = 4 + h. Let o = -3 + n. Calculate the remainder when 7 is divided by o.
2
Suppose 4*c = 61202 + 66158. What is the remainder when 156 is divided by (-4)/(-38) + (c/(-76))/(-10)?
30
Suppose -75 = -4*a + 5*v - 8*v, 0 = -a - v + 19. Let g(i) = -29*i + 25. What is the remainder when g(-4) is divided by a?
15
Suppose 93*d - 27*d = 30*d + 396. Calculate the remainder when 61 is divided by d.
6
Suppose -121*p - 797 = -126*p - d, 597 = 4*p - 5*d. Calculate the remainder when 3628 is divided by p.
152
Suppose 13*w = 15*w + 76. Calculate the remainder when (w/14 - -1)/((-42)/4557) is divided by 66.
54
Suppose 5*r = 8*r. Suppose 4*b - 41 - 19 = r. What is the remainder when 20 - -3*(65/(-15))/(-13) is divided by b?
6
Let k = -72 + 99. Suppose -15*q + k = -6*q. Suppose -2*t - 4*x + 26 = 0, q = 4*t - x - 76. What is the remainder when 75 is divided by t?
18
Let r = -10 + 53. Suppose -6*s = -5 - r. What is the remainder when (-57)/(-2) - (-1)/(-2) is divided by s?
4
Suppose 0*z - z + 3*m + 9 = 0, -2*z + 3 = -3*m. What is the remainder when (z/2)/(3/(-86)) is divided by 13?
8
Let h(d) be the second derivative of -2*d**3/3 - 113*d**2/2 - 111*d - 1. Calculate the remainder when h(-45) is divided by 21.
4
Let p be (-252)/(-14)*(-2)/(-6). Suppose 2*h + p - 4 = 0. What is the remainder when 18 is divided by h - (3 + (-9)/2)*2?
0
Suppose -122*i - 26*i + 248625 = -23*i. What is the remainder when i is divided by 986?
17
Suppose 242 + 362 - 40 = 47*p. Calculate the remainder when 9160 is divided by p.
4
Suppose -21*v = -18*v - 3*t - 108, -3*v - 5*t = -84. What is the remainder when v is divided by 4?
1
Let n = 62 + -56. Calculate the remainder when 271 is divided by 406/n + 5*(-3)/(-45).
67
Let z(p) = 43*p**2 + 5*p - 5. What is the remainder when 1845 is divided by z(1)?
39
Suppose -5*d + 2*b - 18 + 67 = 0, -5*d - 3*b + 64 = 0. Suppose 0 = d*u + 36 - 135. What is the remainder when 96 is divided by u?
6
Let j = 32 + -33. Calculate the remainder when (-3)/(((-105)/50)/7) is divided by 3*(-5)/15 - j*6.
0
What is the remainder when 2448 is divided by 2/6 - 2 - (1 + (-450)/27)?
12
Suppose -3*r - 2*r - 190 = 0. Let i = 128 + r. Suppose -3*j = d - 98, d + i = 3*j - 2*d. What is the remainder when 94 is divided by j?
30
Let i = 294 + -295. What is the remainder when 55 is divided by i/2 + 70/4?
4
Let n(i) = -47*i + 2210. Calculate the remainder when n(34) is divided by 60.
12
Let o = -5004 - -5147. What is the remainder when 571 is divided by o?
142
Suppose 7*r - 121 = 292. Let z = r - 48. Let u = 14 + -7. Calculate the remainder when z is divided by u.
4
Suppose -l - 22 = -4*q, -5*l - 18 = -8. Suppose 0*r + q = 5*r, -337 = -5*d + 3*r. What is the remainder when 541 is divided by d?
65
Let q be (-2)/(-5) + (-286)/65. Calculate the remainder when 183 is divided by (-12)/q*19 - -5.
59
Let p = 526 + -783. Let a = p - -278. What is the remainder when 104 is divided by a?
20
Let d be (-12)/(-7) - (-3 - 57/(-21)). Let p(f) = -30*f**2 + 9*f - 8. Let x be p(d). Let l = x - -131. Calculate the remainder when 81 is divided by l.
18
Let a be 12/(-16) - (4 - (-621)/(-12)). Let b = -23 + a. Calculate the remainder when 177/4 + (-2)/8 is divided by b.
20
Let p = 89841 + -89790. Let a = 871 - 617. Calculate the remainder when a is divided by p.
50
Suppose 20 = 5*n, 64 = 7*a + n + n. Suppos